{"id":4,"date":"2016-03-01T10:09:41","date_gmt":"2016-03-01T09:09:41","guid":{"rendered":"http:\/\/baer.v22015032739124120.yourvserver.net\/wordpress\/?page_id=4"},"modified":"2018-05-22T16:34:30","modified_gmt":"2018-05-22T14:34:30","slug":"impressum","status":"publish","type":"page","link":"http:\/\/baer.v22015032739124120.yourvserver.net\/wordpress\/impressum\/","title":{"rendered":"Impressum"},"content":{"rendered":"<p>Verantwortlicher nach \u00a75 TMG<\/p>\n<p>Inhaber: Andreas B\u00e4r<br \/>\nKohlstrasse 97<br \/>\n50374 Erftstadt-Gymnich<\/p>\n<p>info@hundepension-baer.de<\/p>\n<p>Telefon: 02235 &#8211; 691151<br \/>\nHandy: 0177 &#8211; 2 67 36 50<\/p>\n<div class=\"\"><b class=\"\">Verantwortlich f\u00fcr den Inhalt der Website:<\/b><span class=\"\">\u00a0Andreas B\u00e4r (Anschrift und Kontaktdaten wie oben).<\/span><\/div>\n<div class=\"\"><span class=\"\">Wir sind nicht f\u00fcr Inhalte fremder Seiten verantwortlich und distanzieren uns ausdr\u00fccklich davon.<\/span><\/div>\n<div class=\"\"><span class=\"\">\u00a0<\/span><\/div>\n<div class=\"\"><span class=\"\"><strong class=\"\">Pflichtinformation zur Online-Streitbeilegung gem\u00e4\u00df Artikel 14, Absatz 1 ODR-Verordnung:<\/strong><br class=\"\" \/>Die Europ\u00e4ische Kommission stellt eine Plattform zur Online-Streitbeilegung (OS-Plattform) bereit. Sie erreichen diese unter\u00a0<a class=\"\" href=\"http:\/\/ec.europa.eu\/consumers\/odr\/\">http:\/\/ec.europa.eu\/consumers\/odr\/<\/a>\u00a0<\/span><\/div>\n<div class=\"\"><span class=\"\">\u00a0<\/span><\/div>\n<div class=\"\"><span class=\"\"><strong class=\"\">Pflichtinformation nach dem Verbraucherstreitbeilegungsgesetz (VSBG):<br class=\"\" \/><\/strong>Wir sind nicht verpflichtet und auch nicht bereit, an einem Streitbeilegungsverfahren vor einer Verbraucherschlichtungsstelle im Sinne des Verbraucherstreitbeilegungsgesetzes (VSBG) teilzunehmen.<\/span><\/div>\n<p>&nbsp;<\/p>\n","protected":false},"excerpt":{"rendered":"<p>Verantwortlicher nach \u00a75 TMG Inhaber: Andreas B\u00e4r Kohlstrasse 97 50374 Erftstadt-Gymnich info@hundepension-baer.de Telefon: 02235 &#8211; 691151 Handy: 0177 &#8211; 2 67 36 50 Verantwortlich f\u00fcr den Inhalt der Website:\u00a0Andreas B\u00e4r (Anschrift und Kontaktdaten wie oben). Wir sind nicht f\u00fcr Inhalte fremder Seiten verantwortlich und distanzieren uns ausdr\u00fccklich davon. \u00a0 Pflichtinformation zur Online-Streitbeilegung gem\u00e4\u00df Artikel 14, [&hellip;]<\/p>\n","protected":false},"author":1,"featured_media":0,"parent":0,"menu_order":0,"comment_status":"closed","ping_status":"closed","template":"","meta":[],"jetpack_sharing_enabled":true,"_links":{"self":[{"href":"http:\/\/baer.v22015032739124120.yourvserver.net\/wordpress\/wp-json\/wp\/v2\/pages\/4"}],"collection":[{"href":"http:\/\/baer.v22015032739124120.yourvserver.net\/wordpress\/wp-json\/wp\/v2\/pages"}],"about":[{"href":"http:\/\/baer.v22015032739124120.yourvserver.net\/wordpress\/wp-json\/wp\/v2\/types\/page"}],"author":[{"embeddable":true,"href":"http:\/\/baer.v22015032739124120.yourvserver.net\/wordpress\/wp-json\/wp\/v2\/users\/1"}],"replies":[{"embeddable":true,"href":"http:\/\/baer.v22015032739124120.yourvserver.net\/wordpress\/wp-json\/wp\/v2\/comments?post=4"}],"version-history":[{"count":7,"href":"http:\/\/baer.v22015032739124120.yourvserver.net\/wordpress\/wp-json\/wp\/v2\/pages\/4\/revisions"}],"predecessor-version":[{"id":365,"href":"http:\/\/baer.v22015032739124120.yourvserver.net\/wordpress\/wp-json\/wp\/v2\/pages\/4\/revisions\/365"}],"wp:attachment":[{"href":"http:\/\/baer.v22015032739124120.yourvserver.net\/wordpress\/wp-json\/wp\/v2\/media?parent=4"}],"curies":[{"name":"wp","href":"https:\/\/api.w.org\/{rel}","templated":true}]}}